divisor of 30231 and 53744.
3359
Calculate the greatest common divisor of 1224929 and 298.
149
What is the greatest common divisor of 6280 and 250216?
8
What is the greatest common factor of 18569 and 532177?
31
What is the highest common factor of 14410 and 1826770?
110
Calculate the highest common divisor of 4 and 1008781.
1
What is the greatest common factor of 907620 and 8220?
60
What is the highest common factor of 20775480 and 5500?
220
Calculate the highest common factor of 7641 and 21855241.
283
What is the highest common factor of 779 and 8670536?
19
Calculate the greatest common divisor of 22066 and 1209230.
22
Calculate the greatest common divisor of 3315 and 2239614.
663
What is the greatest common factor of 105 and 27613005?
105
Calculate the highest common divisor of 59273484 and 92.
92
Calculate the highest common factor of 3383799 and 41667.
2193
Calculate the greatest common factor of 10758 and 184173.
33
What is the greatest common factor of 644 and 12956314?
322
Calculate the greatest common divisor of 16632 and 157745016.
2376
What is the highest common divisor of 16973 and 23115683?
1543
Calculate the highest common divisor of 119450 and 44996815.
11945
What is the greatest common factor of 525258850 and 34530?
11510
What is the greatest common divisor of 15 and 19474995?
15
Calculate the highest common factor of 9848502 and 63.
9
What is the greatest common divisor of 343 and 48661753?
343
What is the highest common factor of 13088 and 514931?
409
Calculate the highest common divisor of 2641 and 86621.
19
What is the highest common divisor of 139122760 and 30?
10
Calculate the highest common factor of 6690 and 163484868.
1338
Calculate the highest common divisor of 97928 and 45208.
8
Calculate the highest common factor of 8580939 and 15.
3
Calculate the highest common factor of 165075 and 8946.
213
Calculate the highest common divisor of 456032 and 224.
32
Calculate the greatest common divisor of 794046 and 3975.
159
Calculate the greatest common factor of 187156 and 1101848.
2636
Calculate the highest common divisor of 6759 and 1158793.
751
What is the highest common factor of 18909 and 974193?
33
What is the highest common factor of 6130608 and 2448?
816
Calculate the highest common divisor of 106343 and 6596933.
3667
What is the highest common factor of 7623 and 28835631?
1089
What is the greatest common divisor of 3875651280 and 8856?
8856
Calculate the highest common divisor of 17745005 and 123.
41
Calculate the greatest common factor of 98334052 and 510.
34
Calculate the highest common factor of 1453304 and 1752056.
3112
Calculate the highest common factor of 1192941 and 5083.
391
What is the greatest common divisor of 269712 and 60771358?
3746
What is the greatest common divisor of 33 and 46943303?
11
What is the highest common factor of 193392509 and 244?
61
Calculate the highest common divisor of 1775 and 17575.
25
What is the greatest common divisor of 41258 and 1477546?
98
Calculate the greatest common factor of 180 and 3003060.
60
Calculate the highest common divisor of 186353761 and 11.
11
Calculate the highest common factor of 540 and 233138844.
108
Calculate the greatest common factor of 1805129631 and 27.
27
Calculate the greatest common divisor of 71211 and 50505.
21
Calculate the highest common factor of 330 and 1689770.
10
What is the greatest common divisor of 85845 and 55358385?
1455
Calculate the highest common divisor of 119 and 6738936.
17
Calculate the highest common divisor of 14617390 and 4690.
670
Calculate the highest common divisor of 78976 and 152.
8
What is the greatest common factor of 199774 and 236?
118
Calculate the greatest common factor of 2000984 and 1160.
8
What is the greatest common divisor of 3332 and 3480274?
1666
Calculate the highest common factor of 199270307 and 7292.
1823
What is the highest common divisor of 222 and 23286579?
111
Calculate the greatest common divisor of 15 and 7106915.
5
Calculate the greatest common factor of 571494 and 159621.
231
What is the greatest common factor of 1938767575 and 25?
25
Calculate the greatest common factor of 19112129 and 101.
101
What is the highest common factor of 3870026 and 414?
46
Calculate the greatest common divisor of 9179883 and 324.
9
What is the highest common factor of 8465528 and 1412104?
7096
Calculate the greatest common divisor of 156545 and 69430.
655
What is the greatest common divisor of 605997 and 1701?
63
Calculate the highest common divisor of 15115797 and 396.
9
Calculate the highest common divisor of 49686 and 318396.
1014
Calculate the greatest common factor of 1104815831 and 3829.
3829
Calculate the greatest common divisor of 12364 and 193754.
22
What is the highest common divisor of 1830948 and 4068057?
6447
What is the greatest common divisor of 12385126 and 988?
26
What is the greatest common divisor of 2946 and 25269806?
982
Calculate the greatest common divisor of 1782 and 1092204.
162
Calculate the highest common divisor of 7440 and 222612240.
7440
What is the highest common factor of 518790 and 30?
30
What is the greatest common divisor of 469173 and 1935?
129
What is the highest common factor of 421941 and 151931?
403
What is the highest common factor of 787 and 356431513?
787
Calculate the highest common factor of 3259250 and 28000.
250
Calculate the highest common factor of 289719804 and 220.
44
What is the greatest common divisor of 3996681 and 9633?
507
What is the greatest common factor of 410 and 1593506?
82
What is the greatest common divisor of 953840 and 65?
5
What is the highest common divisor of 50841523 and 7912?
989
Calculate the greatest common divisor of 6619 and 1123.
1
Calculate the highest common divisor of 14240 and 4664312.
712
What is the greatest common divisor of 25024 and 1385152?
1472
Calculate the greatest common divisor of 3971 and 149446.
11
What is the highest common factor of 828827269 and 37?
37
What is the highest common factor of 5888656 and 43392?
1808
Calculate the greatest common divisor of 3834252 and 281196.
2628
Calculate the highest common divisor of 108467524 and 374.
22
What is the greatest common factor of 22065 and 4182?
3
What is the highest common factor of 67635 and 37691065?
835
What is the highest common factor of 512277451 and 4714?
2357
What is the greatest common divisor of 28769521 and 3201?
1067
What is the highest common factor of 13120740 and 720?
180
Calculate the highest common divisor of 894 and 332880006.
894
What is the highest common divisor of 750 and 84842700?
150
Calculate the greatest common factor of 823592 and 836.
44
Calculate the greatest common factor of 82 and 193104588.
82
Calculate the greatest common factor of 275 and 879222575.
275
What is the highest common divisor of 9506244 and 10164?
1452
Calculate the greatest common divisor of 27946 and 4793838.
314
What is the highest common factor of 33 and 14001581?
11
What is the greatest common factor of 7112 and 1684648?
56
Calculate the greatest common factor of 14017887 and 216.
27
Calculate the greatest common factor of 149181932 and 4.
4
What is the highest common factor of 145435456 and 37?
37
Calculate the greatest common factor of 7824110 and 2170.
70
What is the highest common factor of 2587672 and 5211384?
7208
Calculate the highest common factor of 153816 and 9384.
408
What is the highest common factor of 934814143 and 5602?
2801
Calculate the greatest common divisor of 880260 and 8160.
1020
What is the highest common divisor of 37 and 5690896?
37
What is the greatest common divisor of 20610 and 42210?
90
What is the greatest common factor of 404124 and 434469?
357
Calculate the highest common divisor of 118167297 and 201.
201
What is the greatest common factor of 26939 and 236654?
341
Calculate the greatest common factor of 60627903 and 7.
7
What is the highest common divisor of 43382305 and 22095?
2455
Calculate the greatest common factor of 104559 and 27339.
39
Calculate the greatest common factor of 206066 and 2674.
14
Calculate the greatest common factor of 75 and 3451365.
15
Calculate the highest common factor of 39811475 and 1704.
71
What is the greatest common factor of 58538287 and 1313?
101
Calculate the highest common divisor of 117 and 2301312.
39
What i